{"id":2624,"date":"2026-02-08T23:40:27","date_gmt":"2026-02-08T23:40:27","guid":{"rendered":"https:\/\/balkonrandprofile.com\/?post_type=product&#038;p=2624"},"modified":"2026-02-12T22:42:52","modified_gmt":"2026-02-12T22:42:52","slug":"terrassen-stelzlager-renopad-pro-von-173-mm-bis-300-mm","status":"publish","type":"product","link":"https:\/\/balkonrandprofile.com\/?product=terrassen-stelzlager-renopad-pro-von-173-mm-bis-300-mm","title":{"rendered":"Terrassen-Stelzlager Renopad  PRO (von 173 mm bis 300 mm)"},"content":{"rendered":"<p data-start=\"95\" data-end=\"225\">H\u00f6henverstellbares Stelzlager zur Realisierung hinterl\u00fcfteter Terrassen- und Balkonbel\u00e4ge im H\u00f6henbereich von 173 mm bis 300 mm.<\/p>\n<p data-start=\"227\" data-end=\"355\">Das RENOPAD PRO System erm\u00f6glicht eine pr\u00e4zise Nivellierung sowie eine sichere Lastverteilung bei unterschiedlichen Aufbauh\u00f6hen.<\/p>\n<p data-start=\"357\" data-end=\"505\">Gefertigt aus widerstandsf\u00e4higem, witterungs- und UV-best\u00e4ndigem Kunststoff, eignet sich das Stelzlager f\u00fcr den dauerhaften Einsatz im Au\u00dfenbereich.<\/p>\n","protected":false},"excerpt":{"rendered":"<p>H\u00f6henverstellbares Stelzlager zur Realisierung hinterl\u00fcfteter Terrassen- und Balkonbel\u00e4ge im H\u00f6henbereich von 173 mm bis 300 mm. Das RENOPAD PRO System<\/p>\n","protected":false},"featured_media":2625,"comment_status":"open","ping_status":"closed","template":"","meta":[],"product_brand":[],"product_cat":[80,79],"product_tag":[],"class_list":{"0":"post-2624","1":"product","2":"type-product","3":"status-publish","4":"has-post-thumbnail","6":"product_cat-hohenverstellbare-stelzlager","7":"product_cat-stelzlager-unterkonstruktionen","9":"first","10":"instock","11":"shipping-taxable","12":"purchasable","13":"product-type-simple"},"_links":{"self":[{"href":"https:\/\/balkonrandprofile.com\/index.php?rest_route=\/wp\/v2\/product\/2624","targetHints":{"allow":["GET"]}}],"collection":[{"href":"https:\/\/balkonrandprofile.com\/index.php?rest_route=\/wp\/v2\/product"}],"about":[{"href":"https:\/\/balkonrandprofile.com\/index.php?rest_route=\/wp\/v2\/types\/product"}],"replies":[{"embeddable":true,"href":"https:\/\/balkonrandprofile.com\/index.php?rest_route=%2Fwp%2Fv2%2Fcomments&post=2624"}],"version-history":[{"count":2,"href":"https:\/\/balkonrandprofile.com\/index.php?rest_route=\/wp\/v2\/product\/2624\/revisions"}],"predecessor-version":[{"id":2795,"href":"https:\/\/balkonrandprofile.com\/index.php?rest_route=\/wp\/v2\/product\/2624\/revisions\/2795"}],"wp:featuredmedia":[{"embeddable":true,"href":"https:\/\/balkonrandprofile.com\/index.php?rest_route=\/wp\/v2\/media\/2625"}],"wp:attachment":[{"href":"https:\/\/balkonrandprofile.com\/index.php?rest_route=%2Fwp%2Fv2%2Fmedia&parent=2624"}],"wp:term":[{"taxonomy":"product_brand","embeddable":true,"href":"https:\/\/balkonrandprofile.com\/index.php?rest_route=%2Fwp%2Fv2%2Fproduct_brand&post=2624"},{"taxonomy":"product_cat","embeddable":true,"href":"https:\/\/balkonrandprofile.com\/index.php?rest_route=%2Fwp%2Fv2%2Fproduct_cat&post=2624"},{"taxonomy":"product_tag","embeddable":true,"href":"https:\/\/balkonrandprofile.com\/index.php?rest_route=%2Fwp%2Fv2%2Fproduct_tag&post=2624"}],"curies":[{"name":"wp","href":"https:\/\/api.w.org\/{rel}","templated":true}]}}

<p data-start="95" data-end="225">Höhenverstellbares Stelzlager zur Realisierung hinterlüfteter Terrassen- und Balkonbeläge im Höhenbereich von 173 mm bis 300 mm.</p>
<p data-start="227" data-end="355">Das RENOPAD PRO System ermöglicht eine präzise Nivellierung sowie eine sichere Lastverteilung bei unterschiedlichen Aufbauhöhen.</p>
<p data-start="357" data-end="505">Gefertigt aus widerstandsfähigem, witterungs- und UV-beständigem Kunststoff, eignet sich das Stelzlager für den dauerhaften Einsatz im Außenbereich.</p>

<p>Höhenverstellbares Stelzlager zur Realisierung hinterlüfteter Terrassen- und Balkonbeläge im Höhenbereich von 173 mm bis 300 mm. Das RENOPAD PRO System</p>
