{"id":2377,"date":"2026-02-08T22:28:08","date_gmt":"2026-02-08T22:28:08","guid":{"rendered":"https:\/\/balkonrandprofile.com\/?post_type=product&#038;p=2377"},"modified":"2026-02-12T23:19:54","modified_gmt":"2026-02-12T23:19:54","slug":"ablauftrichter-r50","status":"publish","type":"product","link":"https:\/\/balkonrandprofile.com\/?product=ablauftrichter-r50","title":{"rendered":"Ablauftrichter R50"},"content":{"rendered":"<p>Der Ablauftrichter R50 ist ein Systemelement zur gezielten Ableitung von Niederschlagswasser aus Rinnen- und Traufenprofilen in das Abflussrohr R50. Er gew\u00e4hrleistet eine sichere Verbindung zwischen horizontaler Entw\u00e4sserungsebene und vertikaler Fallleitung. Das Element ist systemkompatibel ausgef\u00fchrt und auf eine kontrollierte Wasserf\u00fchrung abgestimmt.<\/p>\n","protected":false},"excerpt":{"rendered":"<p>Der Ablauftrichter R50 ist ein Systemelement zur gezielten Ableitung von Niederschlagswasser aus Rinnen- und Traufenprofilen in das Abflussrohr R50. Er<\/p>\n","protected":false},"featured_media":2378,"comment_status":"open","ping_status":"closed","template":"","meta":[],"product_brand":[],"product_cat":[83,87],"product_tag":[],"class_list":{"0":"post-2377","1":"product","2":"type-product","3":"status-publish","4":"has-post-thumbnail","6":"product_cat-abdichtung-entwasserung","7":"product_cat-wasserablaufe-speier","9":"first","10":"instock","11":"shipping-taxable","12":"purchasable","13":"product-type-simple"},"_links":{"self":[{"href":"https:\/\/balkonrandprofile.com\/index.php?rest_route=\/wp\/v2\/product\/2377","targetHints":{"allow":["GET"]}}],"collection":[{"href":"https:\/\/balkonrandprofile.com\/index.php?rest_route=\/wp\/v2\/product"}],"about":[{"href":"https:\/\/balkonrandprofile.com\/index.php?rest_route=\/wp\/v2\/types\/product"}],"replies":[{"embeddable":true,"href":"https:\/\/balkonrandprofile.com\/index.php?rest_route=%2Fwp%2Fv2%2Fcomments&post=2377"}],"version-history":[{"count":2,"href":"https:\/\/balkonrandprofile.com\/index.php?rest_route=\/wp\/v2\/product\/2377\/revisions"}],"predecessor-version":[{"id":2864,"href":"https:\/\/balkonrandprofile.com\/index.php?rest_route=\/wp\/v2\/product\/2377\/revisions\/2864"}],"wp:featuredmedia":[{"embeddable":true,"href":"https:\/\/balkonrandprofile.com\/index.php?rest_route=\/wp\/v2\/media\/2378"}],"wp:attachment":[{"href":"https:\/\/balkonrandprofile.com\/index.php?rest_route=%2Fwp%2Fv2%2Fmedia&parent=2377"}],"wp:term":[{"taxonomy":"product_brand","embeddable":true,"href":"https:\/\/balkonrandprofile.com\/index.php?rest_route=%2Fwp%2Fv2%2Fproduct_brand&post=2377"},{"taxonomy":"product_cat","embeddable":true,"href":"https:\/\/balkonrandprofile.com\/index.php?rest_route=%2Fwp%2Fv2%2Fproduct_cat&post=2377"},{"taxonomy":"product_tag","embeddable":true,"href":"https:\/\/balkonrandprofile.com\/index.php?rest_route=%2Fwp%2Fv2%2Fproduct_tag&post=2377"}],"curies":[{"name":"wp","href":"https:\/\/api.w.org\/{rel}","templated":true}]}}